00357
List the prime factors of 443927252.
2, 110981813
What are the prime factors of 85899055?
5, 11, 1561801
List the prime factors of 79503017.
11, 7227547
What are the prime factors of 278985376?
2, 43, 202751
What are the prime factors of 4221941862?
2, 3, 703656977
List the prime factors of 10448408.
2, 1306051
What are the prime factors of 59095834?
2, 7, 83, 50857
What are the prime factors of 40913595?
3, 5, 263, 3457
What are the prime factors of 3493485004?
2, 179, 359, 13591
What are the prime factors of 354373140?
2, 3, 5, 11, 536929
What are the prime factors of 1390311558?
2, 3, 41, 991, 1901
What are the prime factors of 1706969653?
67, 25477159
List the prime factors of 66415556.
2, 16603889
What are the prime factors of 36612309?
3, 12204103
List the prime factors of 44777646.
2, 3, 599, 4153
List the prime factors of 307528929.
3, 17, 23, 281, 311
List the prime factors of 2769657.
3, 11, 17, 4937
List the prime factors of 57787939.
11, 5253449
What are the prime factors of 91651324?
2, 22912831
What are the prime factors of 1186434614?
2, 89, 6665363
What are the prime factors of 912036553?
17, 53649209
List the prime factors of 570129747.
3, 11, 137, 126107
What are the prime factors of 473590787?
37, 173, 241, 307
List the prime factors of 60100068.
2, 3, 7, 43, 2377
List the prime factors of 43163283.
3, 41, 103, 3407
What are the prime factors of 92883172?
2, 17, 19, 29, 37, 67
What are the prime factors of 66582287?
157, 424091
What are the prime factors of 1223319077?
1699, 720023
List the prime factors of 51101241.
3, 19, 73, 12281
What are the prime factors of 37202667?
3, 12400889
List the prime factors of 200961548.
2, 50240387
List the prime factors of 6428984895.
3, 5, 61, 2342071
List the prime factors of 7763503614.
2, 3, 37, 233, 150089
What are the prime factors of 2791254822?
2, 3, 465209137
What are the prime factors of 1073838960?
2, 3, 5, 19, 78497
List the prime factors of 13900332.
2, 3, 1158361
What are the prime factors of 156006254?
2, 29, 47, 151, 379
What are the prime factors of 148148566?
2, 23, 31, 4517
What are the prime factors of 324815807?
324815807
List the prime factors of 180163340.
2, 5, 7, 1286881
List the prime factors of 154662.
2, 3, 149, 173
List the prime factors of 244013129.
67, 3641987
List the prime factors of 99961841.
7, 23, 193, 3217
List the prime factors of 20963118.
2, 3, 11, 19, 73, 229
List the prime factors of 1624019948.
2, 406004987
List the prime factors of 2234440866.
2, 3, 7, 17, 447067
List the prime factors of 259751741.
97, 887, 3019
What are the prime factors of 16880195?
5, 59, 57221
What are the prime factors of 744693421?
79, 9426499
List the prime factors of 10113270.
2, 3, 5, 277, 1217
What are the prime factors of 2740737928?
2, 342592241
What are the prime factors of 7210644490?
2, 5, 7, 773, 19037
List the prime factors of 98705582.
2, 991, 49801
What are the prime factors of 40009889?
131, 305419
What are the prime factors of 63334130?
2, 5, 71, 89203
List the prime factors of 123835243.
7, 23, 179, 4297
List the prime factors of 5530028908.
2, 29, 151, 491, 643
List the prime factors of 457223084.
2, 173, 660727
What are the prime factors of 2463757270?
2, 5, 13, 463, 40933
What are the prime factors of 832738571?
7, 1201, 99053
What are the prime factors of 206268389?
19, 31, 61, 5741
List the prime factors of 17946131.
7, 2563733
List the prime factors of 122584449.
3, 13, 137, 22943
What are the prime factors of 40081587?
3, 7, 13, 146819
What are the prime factors of 184898611?
47, 3934013
List the prime factors of 53006445.
3, 5, 1177921
List the prime factors of 110513659.
110513659
What are the prime factors of 32873601?
3, 23, 476429
What are the prime factors of 39475439?
1559, 25321
List the prime factors of 82179491.
82179491
List the prime factors of 7144774639.
2053, 3480163
List the prime factors of 624093161.
5171, 120691
List the prime factors of 377366809.
19, 19861411
List the prime factors of 2249783915.
5, 499, 901717
List the prime factors of 64337888.
2, 2010559
List the prime factors of 403309977.
3, 7, 151, 193, 659
What are the prime factors of 4361848289?
4361848289
What are the prime factors of 4014978504?
2, 3, 2137, 78283
List the prime factors of 572512317.
3, 13, 127, 115589
What are the prime factors of 995626853?
13, 76586681
List the prime factors of 484038218.
2, 37, 6541057
What are the prime factors of 63052824?
2, 3, 2627201
What are the prime factors of 67543687?
41, 1647407
List the prime factors of 245280428.
2, 43, 991, 1439
List the prime factors of 16544074.
2, 41, 201757
What are the prime factors of 6908303272?
2, 13, 47, 757, 1867
List the prime factors of 33427427.
11, 251, 12107
What are the prime factors of 176538612?
2, 3, 14711551
What are the prime factors of 326697484?
2, 73, 1118827
What are the prime factors of 653969337?
3, 7, 373, 11927
What are the prime factors of 22532644?
2, 5633161
List the prime factors of 15313658.
2, 19, 402991
What are the prime factors of 3295609585?
5, 3529, 186773
What are the prime factors of 1825804018?
2, 47, 19423447
List the prime factors of 6310297150.
2, 5, 17, 7423879
List the prime factors of 240968401.
23, 73, 143519
What are the prime factors of 5237653590?
2, 3, 5, 13, 17, 3251
What are the prime factors of 24051935?
5, 2137, 2251
What are the prime factors of 78774482?
2, 39387241
List the prime factors of 115568974.
2, 23, 2512369
List the prime factors of 1237069835.
5, 23, 41, 262369
What are the prime factors of 563019020?
2, 5, 19, 61, 107, 227
List the prime factors of 39786220.
2, 5, 337, 5903
What are the prime factors of 480018986?
2, 53, 139, 32579
List the prime factors of 273368266.
2, 331, 412943
List the prime factors of 491882791.
491882791
What are the prime factors of 2854459587?
3, 7, 135926647
List the prime factors of 26623112.
2, 151, 22039
List the prime factors of 198548303.
1187, 167269
List the prime factors of 56614453.
7, 59, 19583
What are the prime factors of 2809679955?
3, 5, 187311997
List the prime factors of 200673316.
2, 1621, 30949
What are the prime factors of 1903450098?
2, 3, 11, 28840153
List the prime factors of 260822555.
5, 7, 389, 19157
List the prime factors of 1280647330.
2, 5, 37, 293, 11813
List the prime factors of 33724693.
23, 1466291
What are the prime factors of 3676261103?
97, 2767, 13697
List the prime factors of 1578009975.
3, 5, 73, 233, 1237
What are the prime factors of 39706625?
5, 7, 23, 1973
What are the prime factors of 6469866065?
5, 13, 37, 2690173
What are the prime factors of 52763323?
19, 263, 10559
List the prime factors of 492938721.
3, 11, 131, 191, 199
List the prime factors of 4579442121.
3, 23011, 66337
What are the prime factors of 157421468?
2, 41, 959887
List the prime factors of 24295180.
2, 5, 7, 13, 1907
List the prime factors of 75900962.
2, 443, 85667
List the prime factors of 7886238.
2, 3, 631, 2083
What are the prime factors of 195843850?
2, 5, 23, 170299
What are the prime factors of 3490642?
2, 19, 97, 947
What are the prime factors of 205124526?
2, 3, 11395807
List the prime factors of 125614897.
107, 149, 7879
What are the prime factors of 1269161888?
2, 41, 967349
What are the prime factors of 13832445?
3, 5, 11, 83833
List the prime factors of 57719681.
811, 71171
What are the prime factors of 7839694?
2, 47, 83401
List the prime factors of 56654773.
7, 23, 293, 1201
What are the prime factors of 55721541?
3, 18573847
What are the prime factors of 704648103?
3, 234882701
What are the prime factors of 59966904?
2, 3, 61, 40961
What are the prime factors of 71559959?
683, 104773
List the prime factors of 289927433.
1637, 177109
What are the prime factors of 144045112?
2, 107, 168277
List the prime factors of 3489790.
2, 5, 23, 15173
What are the prime factors of 11510806?
2, 191, 30133
List the prime factors of 2975643014.
2, 103, 137, 105437
What are the prime factors of 129830055?
3, 5, 23, 107, 3517
What are the prime factors of 178448544?
2, 3, 619613
List the prime factors of 94528019.
1823, 51853
What are the prime factors of 8575927276?
2, 7, 43754731
List the prime factors of 6430056537.
3, 24091, 88969
List the prime factors of 83257059.
3, 277, 10018